hen 2/(-4) + (-70)/(-4) is divided by 5?
2
Suppose 4*n = -7*n + 132. What is the remainder when 44 is divided by n?
8
Suppose 3*q = -q + 208. Suppose 3*j + j - q = 0. Calculate the remainder when j is divided by 8.
5
Let v be (1 - 0) + (-2)/(-2). Suppose 0 = v*n + 3*n - 290. Calculate the remainder when n is divided by 20.
18
Let c(s) = 5*s - 1. Let h be 36/28 - 6/21. Calculate the remainder when 11 is divided by c(h).
3
Suppose 0 = -m + 78 - 27. Suppose 264*c - 269*c + 90 = 0. What is the remainder when m is divided by c?
15
Let o = 1 - -2. Suppose -4*l + 5*m + 204 = 0, 4*l - o*m + 86 = 290. Calculate the remainder when l is divided by 13.
12
Let v(j) = -10*j**3 - j - 1. Calculate the remainder when v(-1) is divided by 8.
2
Let j be 1/(-2*3/(-174)). Suppose 36 + j = 5*z. What is the remainder when z is divided by 4?
1
Let h = 60 + -35. What is the remainder when h is divided by 13?
12
Suppose -2*h = 4*c - 7 - 15, -7 = -c + h. Let g be 1 - -7*(1 + 1). Let v = g - 11. What is the remainder when c is divided by v?
2
What is the remainder when 182 is divided by 306/5 - 5/25?
60
What is the remainder when 65 is divided by 14/(-14) + (1 - -17)?
14
Suppose 0 = -2*w + 8, 2*f + 2*f + 48 = -3*w. Let r be (1/(-3))/(1/f). Suppose r*h - 13 = 12. What is the remainder when h is divided by 3?
2
Let b(a) = 6 - a**2 + 1 - 4. Let m = -10 - -10. What is the remainder when 5 is divided by b(m)?
2
Let a(j) = -5*j**3 - 4*j**2 - 2*j + 1. Let g be a(-2). Let o = -16 + g. Calculate the remainder when 51 is divided by o.
12
Calculate the remainder when (-2)/((-12)/26) - 2/6 is divided by 3.
1
Let f = 13 - 11. Suppose o + v = f*v + 2, o + 3*v = -2. What is the remainder when 1 is divided by o?
0
Let j = -11 - -14. Let u(n) = -n**3 + 3*n**2 + 2*n. Calculate the remainder when 11 is divided by u(j).
5
Suppose -3*x + 64 = 4*b, -2*x = -4*x + 5*b + 35. What is the remainder when 39 is divided by x?
19
Let s = -99 - -302. Let g = s - 134. What is the remainder when g is divided by 24?
21
Let k = -164 + 266. Calculate the remainder when k is divided by 21.
18
Let w(b) = b**3 + 4*b**2 - 7*b - 6. Let o be w(-5). Suppose 5*r + 0*g = o*g - 6, 3*g = 12. What is the remainder when r is divided by 2?
0
Suppose -4 = -2*a + 6. What is the remainder when 17 is divided by a?
2
Suppose 23 = 5*l - 2. Suppose -5*a = -l*u - 65, u = 5*a + 4*u - 105. Let t = a + -1. Calculate the remainder when 32 is divided by t.
15
Let c = 84 + -41. Suppose -3*k - 57 = 3*b - 0*k, 4*k - 12 = 0. Let r = c + b. Calculate the remainder when r is divided by 11.
10
Let f = 38 + -27. What is the remainder when f is divided by 8?
3
Suppose 5 = b - 2*b, 0 = -3*a + 2*b + 25. Suppose 108 = 2*m - a*z, -2*m + 165 = 5*z + 37. Calculate the remainder when m is divided by 20.
19
Let n be (2 + -3)/((-1)/(-1)). Let j = n + 2. What is the remainder when 39 + (j - 1) + -2 is divided by 13?
11
Suppose 5*n - 8 = 17, 3*y + n = 392. Let d = -32 + y. Calculate the remainder when d is divided by 25.
22
Let j = -436 - -650. Calculate the remainder when j is divided by 36.
34
Suppose c + 25 = 3*a, -c - 9 = -a - 0*c. Suppose -5*n - 5*o + 125 = 0, -2*n - 2*o + 140 = 3*n. Let r = n + -16. What is the remainder when r is divided by a?
6
Suppose -j - 4*j = -220. Let g(y) = 2*y**2 - 2*y + 3. What is the remainder when j is divided by g(3)?
14
Let l(o) = o**3 - 3*o**2 + 1. Let f be (-3)/3*-4*1. Suppose 0 = 2*m - v - 16, 3*v - 4 = -2*m + v. What is the remainder when l(f) is divided by m?
5
Let b(v) = v**2 - 6*v + 7. What is the remainder when 6 is divided by b(5)?
0
Calculate the remainder when (-3 - (-20)/8)*-62 is divided by 11.
9
Let d(o) = o + 5. Calculate the remainder when 21 is divided by d(7).
9
Suppose 5*g + 4*g = 171. Calculate the remainder when 53 is divided by g.
15
Let f(v) = 3*v**2 - 4*v. Calculate the remainder when 29 is divided by f(3).
14
Let p be ((-3)/(-3))/(2/46). Let r(h) = -h**3 - 5*h**2 + 7*h - 2. Let q be r(-6). Let b = p + q. What is the remainder when 42 is divided by b?
12
Let r = -8 + 16. Suppose -4*b - 5 = t, -3*b + 3*t - 20 = -5. Let p = r - b. Calculate the remainder when p is divided by 4.
2
Suppose 3 + 3 = d. What is the remainder when 53 is divided by 167/6 - d/(-36)?
25
Let p(u) = -5 + 10 + 1 - u. Calculate the remainder when p(4) is divided by 1.
0
Calculate the remainder when -109*(-4 + (1 - -2)) is divided by 28.
25
Let k(h) = -h**3 - 2*h**2 - h - 4. Let d(i) = -i**2 + 10*i - 11. What is the remainder when k(-3) is divided by d(8)?
3
Suppose 4*o = -2*i + 74, -2*o + 39 = -0*i + 3*i. Calculate the remainder when 106 is divided by o.
16
Suppose 49 = 5*a - 126. Calculate the remainder when a is divided by 21.
14
Let t(v) be the first derivative of -3*v**2 + 9*v + 6. What is the remainder when t(-6) is divided by 24?
21
Let y(t) = 3*t**2 - 1. Suppose 0 = 3*k - 4*n - 83, 4*k - n - 59 = 30. Calculate the remainder when k is divided by y(-2).
10
Let s(i) = 16*i - 1. Let k(d) = -14*d + 1. Let t = -11 - -9. Calculate the remainder when k(t) is divided by s(1).
14
Suppose 4*s = -0*r + 2*r + 10, 0 = -5*s + 4*r + 14. Let x(q) = -q + 10. Let g be x(9). What is the remainder when 2*(2/2 + g) is divided by s?
0
Suppose 5*z = -26 + 86. Let h = 66 - z. Calculate the remainder when h is divided by 11.
10
Let g = 7 + 9. Suppose 0*y + 180 = 4*y. What is the remainder when y is divided by g?
13
Let n(t) be the third derivative of t**6/120 - t**5/30 - t**4/12 + t**3/6 - 3*t**2. What is the remainder when 10 is divided by n(3)?
2
Let f = 7 - -36. Suppose 0*k = 2*k - 30. Calculate the remainder when f is divided by k.
13
Let z = -8 - -8. Let t(l) = -l**3 + 67. Calculate the remainder when t(z) is divided by 17.
16
Let b(a) = -9*a - 1. Let j be b(1). Let h = j - -20. Calculate the remainder when 18 is divided by h.
8
Let h(b) = 18*b - 3. Suppose 2*u - 30 = u. What is the remainder when h(5) is divided by u?
27
Calculate the remainder when (262/3)/((-3)/(27/(-6))) is divided by 11.
10
Calculate the remainder when (-108)/(-3)*5/10 is divided by 4.
2
Let j(l) be the third derivative of l**6/120 - l**5/20 - l**4/8 + l**3 + 5*l**2. Calculate the remainder when 27 is divided by j(4).
7
Let s(t) = 21*t**3 + t**2 - 1. Let k be (-3 + 14/2)*2. Let p be (-2)/k - 30/(-24). What is the remainder when 40 is divided by s(p)?
19
Let z(o) = o**2 - 10*o - 27. What is the remainder when z(13) is divided by 9?
3
Let l = -9 + 23. Suppose -5*z = -5*u - 40, 6 = 4*u - l. What is the remainder when 25 is divided by z?
12
Let q = -42 - -89. Suppose 2*m - q = 85. Calculate the remainder when m is divided by 17.
15
Suppose 0 = -0*l + 4*l + 3*k - 10, k + 1 = 3*l. What is the remainder when 5 is divided by l?
0
Suppose f - 3*i = -10 + 49, -4*i + 52 = 3*f. What is the remainder when (3 - 1)/(2/117) is divided by f?
21
Let c = -55 + 75. What is the remainder when 72 is divided by c?
12
Let d(l) = -l**3 + 3*l**2 + 4*l + 5. Let g be d(4). Suppose g*a = 6*a - 17. Calculate the remainder when 32 is divided by a.
15
Suppose 5*h = 4*b + 98 + 105, 4*b = -5*h + 187. Let a = -4 + h. What is the remainder when a is divided by 18?
17
Let o = 116 - 52. Suppose -s = s - 66. Calculate the remainder when o is divided by s.
31
Let a = 262 - 137. Calculate the remainder when a is divided by 14.
13
Let m = -103 + 170. Calculate the remainder when m is divided by 17.
16
Let f(d) = -5*d - 24. Calculate the remainder when f(-18) is divided by 23.
20
Suppose 4*z + 2*l + l = 148, -l + 148 = 4*z. What is the remainder when z is divided by 14?
9
Let i be (-22)/(-14) - 32/56. Let c = 15 - i. What is the remainder when 68 is divided by c?
12
What is the remainder when ((-52 - 4) + 2)*-1 is divided by 19?
16
Let x = 16 + -10. Suppose 85 + 95 = x*f. Calculate the remainder when f is divided by 8.
6
Let o be (4/10)/((-1)/(-5)). Suppose -3*b = 3*s, -3*b + o*s = b. Suppose d + b = 8. What is the remainder when 14 is divided by d?
6
Suppose -7*a + 4*a + 153 = 0. Calculate the remainder when a is divided by 27.
24
Let y(f) = -8*f**3 - 2*f**2 - 2*f - 1. Calculate the remainder when (-14 + 2)*(-10)/6 is divided by y(-1).
6
Suppose -5*o - 33 = -i, i - 44 = -2*i + 4*o. Suppose 0*l - 56 = -4*l. Calculate the remainder when l is divided by i.
6
Let c = -20 - -34. Suppose 2*q = -3*y + c, y + 4 